l - 7. Let t be n(5). Suppose t*a + 60 = 4*z, 2*a = -3*z + 30 - 2. Calculate the remainder when 46 is divided by z.
10
Let c = -35 + 48. What is the remainder when 51 is divided by c?
12
Let u(c) = c**2 + 2*c - 5. Let a be u(-4). Suppose 101 = 3*f - 2*p, a*f - f - 62 = 4*p. Suppose -14 + 2 = -s. What is the remainder when f is divided by s?
11
Let s be 0 + (-1)/(-2 - -3). Let c(j) = -23*j - 1. Suppose 0 = 2*p - p - 12. Calculate the remainder when c(s) is divided by p.
10
Let m(f) = 16*f + 9. Let a(i) = 17*i + 10. Let x(j) = 6*a(j) - 7*m(j). Calculate the remainder when x(-4) is divided by 13.
11
Let x be (-1)/(3/6*-2). Let n = 1 + -1. Let p = n + x. What is the remainder when 2 is divided by p?
0
Suppose -5*o + 3*o = -6. Let m = -5 - -7. Suppose -m*u - o*g = -27, 0*u - 3*u + 5*g = -12. What is the remainder when 33 is divided by u?
6
What is the remainder when -6*(-2)/(4/6) is divided by (40/(-2))/((-2)/1)?
8
Suppose 7*y - 100 = 40. What is the remainder when y is divided by 8?
4
Suppose -3*y = -4*m - 227, 7*m = 3*y + 8*m - 232. Suppose -4*p + 56 + 48 = 0. What is the remainder when y is divided by p?
25
Let t be (2 - (-1 + 1)) + -3. Let f(h) = -h**3 - h**2 + 2*h + 3. Let w be f(-2). Let v = t + w. What is the remainder when v is divided by 1?
0
Let t be 3 - (-1 + (2 - -2)). Let r be 3 - (-2 - -3) - t. Suppose r*w - 42 = 4*x, 3 = -2*w + 3*x + 49. What is the remainder when w is divided by 10?
9
Let s = 15 - 10. Suppose 37 = r + 3*r - s*c, 4*c = r - 1. Let h = r - 5. Calculate the remainder when h is divided by 5.
3
Suppose -5*r + 102 = 2*h, -r + 4*h - 6 = -2*r. Calculate the remainder when 64 is divided by r.
20
Suppose a - v = 4*a - 47, -v = -5*a + 81. Suppose -10 = -3*b + b. Suppose 0 = -b*x + 4 + 141. What is the remainder when x is divided by a?
13
What is the remainder when (-19 + -25)/(((-6)/(-4))/(-3)) is divided by 30?
28
Let o(k) = -k**2 - 3*k - 2. Let z(v) = 5*v**2 + 12*v + 9. Let r(j) = 9*o(j) + 2*z(j). Let h(l) = 2*l + 62. What is the remainder when h(-12) is divided by r(5)?
8
What is the remainder when 93 is divided by -1*6*(-4)/(-8) + 27?
21
Let g(o) = -6*o - 3. Calculate the remainder when 223 is divided by g(-8).
43
Suppose -2*v - 3*v = 5*m - 200, 5*m + 3*v - 194 = 0. Calculate the remainder when m is divided by (-2)/(-9) - (-88)/9.
7
Suppose -3*n = n + 16, -3*n = -2*j + 12. Suppose 3*m - 60 + 9 = j. Calculate the remainder when 90/3 - (-9)/3 is divided by m.
16
Let q(k) = k**2 + 9*k + 3. Let f(p) = p**2 + 10*p + 4. Let d(s) = -4*f(s) + 5*q(s). Calculate the remainder when d(5) is divided by 13.
10
Let o be (2 + -4)*(2 - -672). Let l = -35 - -53. Calculate the remainder when o/(-26) + 2/13 is divided by l.
16
What is the remainder when 10 + (8 - 4) + 0 is divided by 5?
4
Let r = -6 - -10. Let v(q) = 5*q - 6. Calculate the remainder when 55 is divided by v(r).
13
Suppose l - 152 = 3*v - 6*v, -4*l - 4 = 0. What is the remainder when v is divided by 9?
6
Suppose 0 = 5*o - 176 - 74. Calculate the remainder when 149 is divided by o.
49
Let q = 2 + 3. Suppose -i + q + 1 = 0. Calculate the remainder when 4256/399*6/4*1 is divided by i.
4
Suppose -l + 10 + 5 = 2*r, 110 = 4*l - 2*r. Suppose 4*u = l + 3. Suppose -3*z + 100 = 2*z. What is the remainder when z is divided by u?
6
Let n = -7 + 14. Calculate the remainder when 13 is divided by n.
6
Suppose 5*d = 5*o, -d - 11 = 5*o + 7. Let f(s) = -2*s - 2. Calculate the remainder when f(d) is divided by 2.
0
Suppose 62*g = 60*g + 32. What is the remainder when g is divided by 10?
6
Let s = 38 - 18. Calculate the remainder when 98 is divided by s.
18
Suppose 3*p + 8*k = 3*k + 95, p = 4*k + 9. What is the remainder when 123 is divided by p?
23
Let j be 2/(-11) - (-40)/(-22). Let u be (-1 - j)*(1 + 19). What is the remainder when 23 is divided by (6/5)/(3/u)?
7
Suppose 2*g - 40 = -3*g. Suppose -2*d + 6*d - 16 = 0. Let n = d + g. What is the remainder when 34 is divided by n?
10
Suppose 2*l + 4*a + 24 = 0, -l + a + 7 = -2*l. Let i(t) = t**2 - t + 4. What is the remainder when 2/(l/76*-4) is divided by i(3)?
9
Suppose -12*n + 33 + 51 = 0. Let i(r) = -13*r. Calculate the remainder when i(-1) is divided by n.
6
Let k be (-2)/(-5) + 124/(-10). Let b = k + 24. Suppose 2*x + 55 - 17 = 4*l, 0 = -5*l + 3*x + 50. What is the remainder when b is divided by l?
5
Let s(r) be the first derivative of -r**4/4 + 8*r**3/3 - 3*r**2/2 + 10*r - 1. Suppose 0*i - 3*i + 39 = 0. Calculate the remainder when s(7) is divided by i.
12
Let k(b) = -b**2 - 5*b. Suppose 4*g + 3*f + f + 20 = 0, 17 = -3*g - f. Let c = g + 2. What is the remainder when k(c) is divided by 3?
1
Suppose 2*f = -0 + 12. Suppose 3*g - i - 8 = 0, 0 = g - i - 0 - 2. Suppose 48 = -0*r + g*r. Calculate the remainder when r is divided by f.
4
Suppose -t - 18 = -3. Let k be 4/18 + 22/(-18). What is the remainder when 13 is divided by (3/9)/(k/t)?
3
Let a = -23 + 214. What is the remainder when a is divided by 48?
47
Let q = 18 + -7. Calculate the remainder when 64 is divided by q.
9
Let y be (-117 - -3) + (3 - 1). Calculate the remainder when 89 is divided by 424/14 + 32/y.
29
Let o be (0 + (-1)/(-1))*-1. Calculate the remainder when 4 is divided by (-10)/(-2) - (-3)/o.
0
Let u = -38 - -57. What is the remainder when u is divided by 12?
7
Let v(d) = 8*d**2 + 0*d**3 + 0*d**3 + d**3 + 6 + 5*d + 2*d. Calculate the remainder when v(-6) is divided by 19.
17
Let i = 47 + 36. Suppose -4*m = -m - 5*w - 369, -m = 4*w - 123. Let a = m - i. Calculate the remainder when a is divided by 14.
12
Suppose 2 + 3 = a. Let p(u) = u**2 + 4*u + 7. What is the remainder when p(-6) is divided by a?
4
Let f = -17 - -22. Calculate the remainder when f is divided by 3.
2
Let v = 1 + -1. Suppose -10 = -5*i - v*i. Suppose -i*w + 5*x = -26, 5*w + 4*x - 2 + 3 = 0. What is the remainder when 7 is divided by w?
1
Let u(o) = o**3 + 8*o**2 + 5*o - 9. What is the remainder when 5*8/60*12 is divided by u(-7)?
3
Calculate the remainder when 23 is divided by (-1*42/(-35))/((-2)/(-10)).
5
Calculate the remainder when (-246)/(-9) + (-1)/3 is divided by 10.
7
Let j = 54 + 23. What is the remainder when j is divided by 20?
17
Let q(l) = -9*l**2 + 16*l**3 - 7*l**3 + 2 - 2*l - 10*l**3. Calculate the remainder when q(-9) is divided by 11.
9
Let y = -29 - -34. Calculate the remainder when 13 is divided by y.
3
Let m be 6/(-7)*(-7)/1. Suppose 2*k = m*k - 4*w - 36, -33 = -4*k + 3*w. Let t(c) = c**2 - 3*c + 5. What is the remainder when t(5) is divided by k?
3
Let v(q) be the first derivative of -q**4/4 + 5*q**3/3 + 4*q**2 + 6*q - 2. Let c be v(7). What is the remainder when 22 is divided by 1/(-1*3/c)?
10
Let s be (-2 - (0 - -4))/(-2). Suppose 0*k = 2*k - 4*w - 18, -3*k + s*w = -39. Calculate the remainder when 84 is divided by k.
16
Let j(b) = b**2 - 19*b - 5. What is the remainder when j(21) is divided by 8?
5
Let g(s) = s**3 + 5*s**2 + 4*s. Suppose 3*o + 24 = -o - 4*v, -o = -5*v - 6. Let y(j) = -j - 7. Let l be y(o). What is the remainder when 21 is divided by g(l)?
3
Suppose 0 = -2*t + 6 + 28. Suppose 3*w - 3*k - 54 = 0, t = 3*w - 4*k - 42. What is the remainder when 23 is divided by w?
10
Let u be 9/15 + (-24)/(-10). Suppose -2*q = -u*f + 25, 0 = 4*q - 5 + 1. What is the remainder when (32/(-6))/((-18)/54) is divided by f?
7
Suppose 4*f - 3*y - 65 + 229 = 0, 84 = -2*f + y. Let g(j) = 63*j**3 + 1. What is the remainder when g(1) is divided by f/3*6/(-4)?
20
Let c(m) = m**2 - 7*m + 2. Let r = 2 + 5. What is the remainder when 4 is divided by c(r)?
0
Suppose 2*n - 18 - 102 = 0. Suppose -2*v = 10, 5*y - n = -v - 0*v. Calculate the remainder when y is divided by 5.
3
Let b = 1 + -12. Let n(r) = 25*r**2 - 17*r - 8. Let f(v) = 8*v**2 - 6*v - 3. Let a(u) = b*f(u) + 4*n(u). Calculate the remainder when a(1) is divided by 6.
5
Let v be (1 - 0/3) + -8. Let m = 30 - 17. What is the remainder when (-189)/v - (1 + 2) is divided by m?
11
Let q(g) = -g**2 + g + 3. Suppose 0 = -2*p - 4*j - 16, 0*p + 3*j + 12 = -p. What is the remainder when q(p) is divided by 1?
0
Calculate the remainder when 2*1/2 - -66 is divided by (-7)/(2/(-4)*1).
11
Calculate the remainder when 31 is divided by 2/3 - (-138)/9.
15
Let z = 14 + -6. Let c = 85 + -183. What is the remainder when 22 is divided by (-2)/8 - c/z?
10
Let b(y) be th